lculate t(6).
3
Let b(x) = -2*x**2 + x + 21. Determine b(-4).
-15
Let y(o) = o**3 + 3*o**2 - 2*o + 2. Calculate y(-4).
-6
Let l(y) = y**2 + 7*y - 51. Calculate l(-11).
-7
Let b(l) = -2*l - 1. Calculate b(-2).
3
Let w(t) = -5*t - 13. Calculate w(-5).
12
Let s(o) = 3*o + 99. Calculate s(-29).
12
Let v(k) = -6*k**2 + 11*k + 9. Calculate v(-1).
-8
Let z(g) = 29*g - 22. Calculate z(1).
7
Let l(r) = -r**2 - 4*r + 1. Determine l(-5).
-4
Let g(r) = 63*r + 504. Give g(-8).
0
Let i(s) = -s**3 + 3*s**2 + 4*s - 1. Determine i(-2).
11
Let t(m) = 5*m**2 - 2. Calculate t(-1).
3
Let l(k) = -k**2 - 14*k. What is l(-15)?
-15
Let l(f) = f**2 - 12*f - 4. Give l(13).
9
Let b(d) = d**3 + 10*d**2 - 21*d - 88. Give b(-11).
22
Let s(g) = 7*g + 24. Calculate s(-5).
-11
Let d(c) = 66*c + 3. Determine d(0).
3
Let q(p) = p**2 + 14*p - 2. Give q(-6).
-50
Let d(a) = 7*a - 7. Determine d(2).
7
Let i(p) = -4*p**2 + 2*p. Calculate i(3).
-30
Let z(h) = -h**3 + 5*h - 4. Determine z(-3).
8
Let x(a) = a**3 - 20*a**2 + 3*a - 30. What is x(20)?
30
Let y(n) = -24*n - 1. Determine y(1).
-25
Let y(f) = -f**2 + 17*f + 266. Give y(-10).
-4
Let o(x) = 2*x**2 + 9*x - 4. Calculate o(-7).
31
Let h(m) = 62*m + 424. Calculate h(-7).
-10
Let t(z) = z + 12. Determine t(0).
12
Let i(z) = -12*z - 87. What is i(-8)?
9
Let r(u) = -u**2 - 5*u - 3. Give r(-3).
3
Let s(i) = i**3 + 2*i**2 - 4*i. Calculate s(-5).
-55
Let c(m) = m**2 - 25*m + 139. What is c(14)?
-15
Let z(b) = -b**2 - 3*b + 35. What is z(4)?
7
Let s(l) = 16*l - 19. Determine s(1).
-3
Let y(b) = b**2 + 3*b + 1. Give y(-6).
19
Let q(r) = 4*r + 27. Give q(-7).
-1
Let g(m) = -m**3 + 12*m**2 - 11*m - 10. Give g(11).
-10
Let k(g) = -g**3 - 57*g**2 + 2*g + 110. Determine k(-57).
-4
Let m(s) = -s + 17. Give m(-12).
29
Let b(u) = u**2 + 6*u + 1. Calculate b(-8).
17
Let p(t) = 23*t**2 - 6*t + 5. What is p(2)?
85
Let c(t) = -t - 6. Give c(5).
-11
Let z(l) = -2*l**2 - 26*l - 4. What is z(-13)?
-4
Let d(o) = 2*o**3 - 6*o**2 + 3*o + 5. Calculate d(3).
14
Let c(f) = -2*f**2 + 5*f - 10. Give c(5).
-35
Let w(r) = -107*r**2 - 3*r - 1. Calculate w(-1).
-105
Let j(a) = 30*a. What is j(2)?
60
Let m(x) = -2*x**2 + 3*x + 1. What is m(3)?
-8
Let a(q) = 2*q**2 - 33*q + 28. Calculate a(15).
-17
Let s(z) = -61*z - 912. Calculate s(-15).
3
Let f(h) = 9*h**2 - h + 4. Calculate f(-3).
88
Let x(b) = b**2 + 2*b + 4. Calculate x(-2).
4
Let i(u) = -4*u + 29. Calculate i(8).
-3
Let a(i) = 14*i + 52. Determine a(-3).
10
Let f(t) = -t**3 - 11*t**2 + 27*t + 13. Calculate f(-13).
0
Let s(p) = p**2 - 10*p - 32. Give s(13).
7
Let g(c) = -2*c**2 + 1. Calculate g(2).
-7
Let b(z) = -z**2 - 30*z + 208. Give b(-36).
-8
Let x(d) = d**3 + 5*d**2 + 2*d + 6. Calculate x(-5).
-4
Let j(g) = -28*g - 15. Calculate j(-2).
41
Let f(a) = a**3 + 3*a**2 - 4. What is f(-4)?
-20
Let c(i) = 5*i - 108. Give c(14).
-38
Let h(a) = -a + 34. Give h(18).
16
Let g(m) = -18*m - 1. Determine g(1).
-19
Let z(u) = -u**3 + u**2 - 6. Give z(0).
-6
Let y(u) = u**3 + 20*u**2 + 20*u + 24. Give y(-19).
5
Let i(f) = f**2 + 7*f + 5. Give i(-2).
-5
Let n(i) = i**2 - 6*i + 12. Give n(2).
4
Let x(d) = -d + 9. What is x(2)?
7
Let u(j) = 3*j + 22. Determine u(-10).
-8
Let v(h) = -h - 11. Give v(1).
-12
Let v(l) = -l**3 - 10*l**2 + 8*l - 11. Give v(-11).
22
Let m(h) = -7*h + 1. Determine m(1).
-6
Let u(y) = -y**3 + 13*y**2 - y - 17. Calculate u(13).
-30
Let a(v) = 2*v**3 + 11*v**2 + 8*v + 7. Calculate a(-5).
-8
Let o(b) = -12*b**3 + 3*b**2 - 3*b - 5. What is o(-1)?
13
Let j(c) = -15*c - 64. Calculate j(-4).
-4
Let l(a) = -a**2 - 2*a + 1. What is l(-5)?
-14
Let v(a) = 7*a**2 - 2*a + 3. Calculate v(2).
27
Let q(s) = -s**2 - 9*s + 12. Determine q(-10).
2
Let g(w) = -w**2 + 2*w + 5. Calculate g(-3).
-10
Let h(k) = -2*k**2 + 10*k - 2. Give h(8).
-50
Let y(l) = -3*l - 8. Determine y(-4).
4
Let s(h) = -h**3 + 7*h**2 + 12*h - 9. What is s(8)?
23
Let b(v) = -v**3 - 2*v**2 - 19*v - 58. Calculate b(-3).
8
Let n(m) = -m**2 - 9*m - 20. What is n(-9)?
-20
Let i(z) = z + 13. What is i(-11)?
2
Let r(k) = -k**3 - 4*k**2 - 5*k - 7. Give r(-3).
-1
Let v(u) = 12*u - 465. What is v(38)?
-9
Let z(q) = 7*q - 114. Give z(18).
12
Let d(g) = g**2 - 67*g + 254. Give d(4).
2
Let h(j) = j**2 - 13*j - 9. Give h(15).
21
Let y(f) = f**2 + 9*f - 4. Determine y(-9).
-4
Let i(z) = -z**3 + 7*z**2 - 5*z + 16. Give i(7).
-19
Let v(x) = x**3 - 5*x**2 + x + 5. Determine v(6).
47
Let p(r) = -8*r**2 - 5*r + 6. What is p(-3)?
-51
Let q(k) = -k**2 + 2*k. Give q(4).
-8
Let m(l) = l**2 - 8*l - 6. Give m(9).
3
Let q(l) = -l**2 - 23*l + 85. Calculate q(-26).
7
Let p(d) = -d - 75. Determine p(-11).
-64
Let q(t) = t**3 + t**2 - 7*t - 2. Give q(-3).
1
Let f(x) = x**3 - 11*x**2 + 7*x + 21. Calculate f(10).
-9
Let r(z) = -2*z**2 - 35*z - 102. What is r(-3)?
-15
Let h(i) = i**2 - 10*i - 25. Give h(12).
-1
Let m(f) = f**3 + 4*f**2 + 2*f - 1. Give m(-2).
3
Let h(s) = s**3 + 2*s**2 - 6*s + 4. Determine h(3).
31
Let a(m) = m**3 + 4*m**2 - 8*m - 27. Calculate a(-5).
-12
Let j(x) = x**3 - 4*x**2 - 27*x + 90. Calculate j(6).
0
Let c(d) = -d**3 + 5*d**2 - d + 2. Give c(5).
-3
Let x(b) = -6*b - 7. Calculate x(-1).
-1
Let m(o) = -9*o**3 + 3*o**2 + o - 2. Determine m(1).
-7
Let s(t) = 2*t - 35. Give s(17).
-1
Let y(d) = d**3 + d - 3. Give y(3).
27
Let m(a) = a**3 - 9*a**2 + 9*a - 10. Calculate m(8).
-2
Let m(t) = 2*t**3 - 33*t**2 + 16*t + 17. Determine m(16).
17
Let f(j) = -16*j**3 - 2*j**2 + 1. What is f(1)?
-17
Let f(v) = -2*v**2 - v - 5. Calculate f(-3).
-20
Let x(k) = -k - 17. Determine x(-16).
-1
Let m(b) = -12*b + 2. What is m(1)?
-10
Let c(p) = -p**3 - 8*p**2 - 2. Give c(-8).
-2
Let m(d) = 23*d + 396. Determine m(-18).
-18
Let v(s) = s**2 + 18*s - 4. Give v(-17).
-21
Let t(o) = o**2 - 5*o + 6. What is t(2)?
0
Let t(j) = 13*j + 103. Determine t(-8).
-1
Let w(d) = 2*d**3 - 11*d**2 - d - 5. Give w(5).
-35
Let b(f) = 65*f + 2. Determine b(0).
2
Let z(o) = 3*o**2 + 32*o + 22. Give z(-10).
2
Let t(w) = -19*w**2 + 8*w + 3. Determine t(-1).
-24
Let p(r) = -r**3 + 3*r**2 - 2*r + 7. Calculate p(4).
-17
Let w(h) = h**3 - 6*h**2 - 9*h - 4. Give w(7).
-18
Let u(p) = -p**3 + 7*p**2 + 3*p + 11. Give u(8).
-29
Let k(b) = 3*b + 20. What is k(15)?
65
Let m(n) = -n**3 + 4*n**2 + 23*n + 7. Determine m(-3).
1
Let l(q) = q**2 - 24*q - 23. What is l(25)?
2
Let s(a) = -3*a + 14. What is s(6)?
-4
Let s(l) = 10*l**2 + 22*l - 40. Calculate s(2).
44
Let z(f) = -f**2 + 7*f + 4. Calculate z(4).
16
Let b(t) = t**3 + 12*t**2 - 3*t. What is b(-12)?
36
Let y(x) = -x**3 + 17*x**2 + 13*x - 23. Give y(18).
-113
Let o(a) = -a**2 - 32*a + 102. Calculate o(3).
-3
Let v(y) = 3*y**2 + 52*y - 14. What is v(-17)?
-31
Let z(x) = x + 7. What is z(-1)?
6
Let l(v) = 26*v - 28. Calculate l(2).
24
Let j(m) = m**2 + 11*m - 35. Determine j(-15).
25
Let z(t) = 6*t + 37. Give z(5).
67
Let o(p) = -3*p**2 + 14*p - 19. Calculate o(4).
-11
Let k(d) = d**2 - 34*d - 343. What is k(42)?
-7
Let c(r) = r**2 + 23*r + 5. Calculate c(-23).
5
Let t(r) = r + 12. What is t(-12)?
0
Let c(u) = 2*u**3 - 6*u**2 + 8*u - 2. Calculate c(3).
22
Let r(d) = -d**3 - 2*d**2 - 5*d - 6. Give r(-4).
46
Let s(b) = 3*b + 2. Calculate s(2).
8
Let b(u) = -59*u**3 + 2*u**2 - 10*u + 9. Give b(1).
-58
Let f(a) = -4*a**3 - 54*a**2 + 24*a - 40. Give f(-14).
16
Let c(d) = -6*d**2 + 44*d - 3. Determine c(7).
11
Let h(i) = -i**3 + 7*i**2 + 23*i + 13. Determine h(10).
-57
Let t(o) = -o**3 + o**2 - 4*o - 3. Give t(-3).
45
Let r(v) = -5*v**2 - 38*v - 7. Determine r(-6).
41
Let u(r) = -r + 33. What is u(-6)?
39
Let n(u) = -u**3 - 19*u**2 + 2*u + 46. Give n(-19).
8
Let j(y) = -y**3 + 41*y**2 - 40*y - 7. What is j(40)?
-7
Let p(u) = 2*u**3 - 8*u**2 + u + 8. Give p(5).
63
Let d(s) = -s**2 + s - 4. Give d(0).
-4
Let q(c) = c**3 - 11*c**2 + 11*c + 4. What is q(10)?
14
Let a(k) = 11*k + 7. Calculate a(2).
29
Let x(b) = b**2 + 6*b + 10. Determine x(-8).
26
Let m(u) = -u**2 + 12*u - 5. What is m(11)?
6
Let l(v) = -2*v - 4. What is l(5)?
-14
Let g(q) = -4*q**2 - 8*q - 18. Calculate g(-4).
-50
Let f(v) = -9*v + 11. Calculate f(-5).
56
Let c(m) = -35*m + 3. Calculate c(2).
-67
Let d(k) = k + 17. Give d(-17).
0
Let d(c) = -5*c**2 + 242*c - 102. Calculate d(48).
-6
Let i(t) = 7*t**2 - 4*t + 5. Calculate i(3).
56
Let s(l) = -l**3 - 6*l**2 - l + 4. What is s(-4)?
-24
Let v(h) = h**3 + 3*h